= 68*s**2 + 2*s - 1. Let h be l(1). Suppose k + 1033 = 2*j, -j + k + 585 = h. Is j prime?
False
Suppose -4*w + 8 = 3*m - 2*w, m + 2*w - 8 = 0. Suppose 5*k + 5*d + 15 = m, -5*d - 23 = -8. Suppose -2*y + 428 - 174 = k. Is y a prime number?
True
Let v be 0 - 0 - (-1 + -1). Suppose -2*a = -v*y + 698, -2*y + 0*y + 5*a = -686. Is y a prime number?
True
Let u(f) = -962*f + 25. Let s = -38 + 33. Is u(s) prime?
False
Suppose 18*k = 16652 + 44278. Is ((-13)/(-3) - (-4)/(-12)) + k composite?
False
Suppose 19 = 4*g + 7. Let i be (g/12)/(1/8). Suppose i*a + 12 = -2*a, 4*o + 2*a = 206. Is o prime?
True
Let v = 3517 - -15774. Is v composite?
True
Let s be 12/(16/(-78) + 4/18). Suppose s = 3*h - 831. Is h composite?
True
Let o(x) = 821*x**2 + 14*x - 38. Is o(3) a prime number?
True
Let l = -10569 - -17588. Is l a prime number?
True
Suppose 5*n + 265 - 1140 = 0. Let a(h) = 7*h**2 + h. Let r be a(6). Let c = r - n. Is c prime?
True
Suppose 0 = 2*k - 0*k - 4. Suppose 56 = -k*b + b. Let n = b - -102. Is n a prime number?
False
Let w(x) = x**3 + 11*x**2 + x + 3. Let f be w(-8). Is 33077/f + 2/17 composite?
True
Let u(x) be the third derivative of -x**7/5040 + 5*x**6/144 + x**5/60 + 6*x**2. Let s(f) be the third derivative of u(f). Is s(0) a prime number?
False
Let h(u) = -12*u**3 - 17*u**2 - 15*u + 29. Is h(-6) a composite number?
False
Suppose -15 - 18 = -4*a + 5*n, -5*n = 4*a - 23. Let t(g) be the second derivative of g**5/20 - 5*g**4/12 - g**3 + 9*g**2/2 + g. Is t(a) prime?
False
Let r = 4 + 17. Let p be 6/r + 21240/42. Suppose 5*b = 3*b + p. Is b a prime number?
False
Suppose 5*h - 762 = -h. Is h a prime number?
True
Let i = 4430 + -2383. Is i composite?
True
Let y = -5636 - -34137. Is y prime?
False
Suppose 4*k - 116933 = 3*q - 6*q, 194895 = 5*q + 5*k. Is q prime?
False
Let s(k) = 4*k**2 - 6*k + 3. Let a be (-1 + 1)*2/4. Suppose a = u + 3*y - 21, -2*y - 3*y + 55 = 5*u. Is s(u) composite?
True
Let q = 763 - 332. Is q prime?
True
Suppose 2*r - g = -3*r + 8395, 4*r = g + 6717. Suppose -837 - r = -5*b. Is b prime?
True
Suppose 0 = 16*i - 4943 - 5153. Is i a prime number?
True
Let t(y) = -y**2 + 7*y + 9. Let h be t(8). Let a(f) = 993*f**2 + 9*f - 9. Is a(h) composite?
True
Suppose -71 = -4*t + 1. Let g be t/(-12) + 34/4. Is (1 - (-3 + g)) + 1154 a composite number?
False
Suppose -51*u + 197932 = -23*u. Is u a prime number?
True
Let p(g) = -3*g**3 + 15*g**2 - 17*g + 21. Let i(u) = -u**3 + 5*u**2 - 6*u + 7. Let l(q) = 17*i(q) - 6*p(q). Let t be l(6). Let b = -10 + t. Is b prime?
True
Let w be -2 - (8/2 - 5). Is 1365 + (w - 9/3) a prime number?
True
Let f = -20817 - -34260. Is f a prime number?
False
Let g be ((1 - 7) + -1)*3. Let u = 48 - g. Is u prime?
False
Is 1026/36*554*2/6 a prime number?
False
Suppose -21 = -5*s - 76. Let j be (-2)/1 + 0 + s. Let t = -6 - j. Is t prime?
True
Let x(y) = -y**3 + y**2 + 2*y - 1. Let g be x(-3). Suppose 0*j - 3*j + 78 = 0. Let l = j + g. Is l a prime number?
False
Suppose 6*r - 3 - 27 = 0. Suppose 650 = 5*q - 3*i, 2*q - r*i - 29 - 250 = 0. Is q prime?
True
Let v be (-85)/(-51) + (-1)/(-3). Is 675/v + (-44)/8 + 5 prime?
True
Let r(p) = -134*p + 7. Suppose 15*t - 17*t - 6 = 0. Is r(t) a composite number?
False
Let l(f) = -3*f + 13. Let d(p) = p. Let q(i) = -4*d(i) - l(i). Let g be q(-10). Is -263*-1*g/(-3) a prime number?
True
Let s = -64405 + 114666. Is s prime?
True
Let y = -23188 - -41975. Is y prime?
True
Let f = -4615 - -8558. Is f prime?
True
Let o = -1098 - -1944. Suppose 5*y = 11*y - o. Is y a prime number?
False
Suppose r = 5*u + 1 - 2, 5*r = 5*u - 45. Let n(c) = -c - 6. Let f be n(r). Is -3 + -2 + f + 79 composite?
False
Suppose 6*j + 29323 = 10*j + 3*x, -29313 = -4*j - x. Is j prime?
False
Suppose -q = 5*j, -j - 21 = -0*j - 4*q. Is j/((6/3297)/(-2)) composite?
True
Suppose -3*h + 170 + 79 = 0. Let n(j) = -j**3 - 10*j - 8. Let v be n(-4). Let p = v + h. Is p a prime number?
True
Is 125864/6 - (-2)/(-6) prime?
False
Let n(i) = -4*i**3 + 4*i**2 + i - 2. Let u(o) = o**3 + 6*o**2 - 6*o + 3. Let r = 3 + -10. Let h be u(r). Is n(h) a composite number?
True
Suppose -8*l = -7*l - 79. Suppose 336 = n + l. Is n composite?
False
Suppose 4*i - 84 = 6*i. Let d be 8/(-32) + i/(-8). Let h(w) = 45*w**2 - 10. Is h(d) a composite number?
True
Is (-33679)/((1/4)/(1/(-4))) a composite number?
False
Suppose -u + 81 = -0*u + 2*s, 0 = -2*u + s + 167. Let m be (-3 - u)*1/2. Let d = 102 + m. Is d composite?
False
Suppose -5*u = 3*j - 1072 - 2832, -2*u = 5*j - 1573. Is u a composite number?
True
Suppose -59075 = -21*h + 40234. Is h prime?
True
Let l be (12/(-8))/(15/(-100)). Is (-36)/l - -4 - 372/(-20) a prime number?
True
Let r = 11 + 7. Suppose 10 - r = -2*v. Is -586*(-2)/v + 0 composite?
False
Suppose -4*h + 2*v + 5852 = 0, -19*h + 15*h + 5864 = -5*v. Is h a prime number?
False
Suppose 4*w - 3*w = 6. Is 3795/6 - w/(-4) a composite number?
True
Let j be (60/(-75))/(2/(-5)). Suppose -1839 = -j*y - y. Is y prime?
True
Is 1201/(-2*4/(-24)) composite?
True
Let l(x) = -16*x + 216. Let t be l(11). Let n = 32 - 19. Let r = t + n. Is r prime?
True
Suppose 60*t - 76*t + 105744 = 0. Is t composite?
True
Let b be (-24)/2*794*-1 + -2. Let m = b - 5477. Is m a prime number?
True
Let z(y) = 58*y**2 + y - 16. Is z(-11) a prime number?
True
Let d be ((-432)/120)/(-1 + (-9206)/(-9200)). Is -2 - (-21)/9 - d/18 prime?
True
Is (-8039)/(-2)*2*(3 - 2) prime?
True
Let u = 46 - 19. Let d = -23 + u. Is (2 + -4)/(d/(-186)) prime?
False
Suppose 16290 = 4*h + r, 4*r = -4*h + 3*h + 4065. Is h a composite number?
False
Let x(t) = 348*t**2 + 29*t + 112. Is x(15) a prime number?
False
Suppose 4535 = 3*g - u, -2*u = -0 + 4. Is g a prime number?
True
Suppose k - 30 = -4*k. Suppose -5*l + k = -2*l. Suppose -u + 261 = l*u. Is u composite?
True
Let b(m) = m**2 - 2*m + 18. Is b(-29) prime?
False
Suppose 0 = -4*j - 5*n + 3000, n + 1 = 5. Is j a prime number?
False
Let c(i) = -i**3 + 12*i**2 + 12*i + 17. Let s be c(13). Suppose -s = -l + 1. Suppose -3*y = -4*g + 2 + 30, -4*y = -l*g + 39. Is g composite?
False
Let z be (-683)/(3/4*2/3). Is z*1*5/(-10) a composite number?
False
Let n(i) be the third derivative of i**5/20 - i**4/6 + 4*i**3/3 - 18*i**2. Is n(13) prime?
True
Suppose -b = 4*b. Suppose 0 = -5*d - 0*d + 8060. Suppose b*n - 4*n = -d. Is n a prime number?
False
Let k(l) = l**2 - 3*l - 3. Let p be k(-3). Suppose 0*z - 3*z + 4*y + p = 0, 3*z + 2*y + 3 = 0. Let d(m) = 8*m - 1. Is d(z) prime?
True
Suppose -133*g + 139*g = 474. Is g prime?
True
Suppose 2*m - 2*y + 14 = 2*y, -3*m - 4*y + 19 = 0. Let h(s) = 113*s - 5. Let b be h(2). Suppose 4*t - 4*q - b = -m, 0 = 5*t + 4*q - 239. Is t prime?
False
Suppose 3*q = -0*n + 5*n + 27, 0 = -4*n. Suppose j - 34 = 5*r - q, 0 = 5*r - 10. Is j a composite number?
True
Suppose 1 = -q + 3. Suppose -q*i + 4*x + 1 = -i, -x + 11 = -4*i. Is (-884)/i - (-6)/18 a composite number?
True
Is (6599*-1)/((5 + -4)*-1) a composite number?
False
Let z(r) = 7*r + 45. Let i be z(5). Is 37664/i + (-2 - 22/(-10)) a composite number?
True
Suppose 11*s - 16*s = 0. Suppose 4*h - 2*u + 100 = 5*h, h - 5*u - 121 = s. Is h a prime number?
False
Let o(n) = -5*n**2 - 11*n. Let a(d) = -9*d**2 - 21*d - 1. Let t(q) = 6*a(q) - 11*o(q). Let u be t(6). Suppose 4*w - 513 - 515 = u. Is w a composite number?
False
Is -1 + 4154 + -7 + 3 + 2 composite?
True
Let l = -17 + 310. Is l composite?
False
Let g(h) = 13440*h**2 + 16*h + 31. Is g(-2) a composite number?
False
Let b(y) = 19*y + 2 - 3 + 4 + 2 - 2. Suppose -4*z + 35 = 5*x + 7, -x = 5*z - 14. Is b(x) a prime number?
True
Let k(j) = 161*j + 206. Is k(27) prime?
False
Is 10/(-6)*308745/(-225) prime?
True
Let m(x) = 2*x**2 - 6*x - 31. Let z(n) = -n**2 - 1. Let v(l) = m(l) + z(l). Is v(13) prime?
True
Let t = 8 + -5. Is 2 - (1*t/1 + -1010) prime?
True
Suppose -2 = 2*y + 4*r + 6, 4*r = -5*y + 4. Suppose 0 = -y*t + 1719 + 489. Let i = t + -343. Is i a composite number?
True
Let a(p) = 926*p - 52. Let r be a(2). Let l(n) = -29*n**2 + n - 7. Let q be l(-6). Let h = r + q. Is h composite?
False
Let g = 7789 - -7752. Is g a prime number?
True
Suppose 69044 = 17*s - 88665. Is s a prime number?
True
Suppose -2*v + b + 9 = 0, -6*v + 5*b + 18 = -5*v. Let f be (70/8)/5*484. Suppose -v*l - 1064 = -5*d, l = 2*d + 2*d - f. Is d a composite numbe